 What is the units digit of (y/(-2) - 1) + 24 + -19?
4
Let m(o) = 1834*o**2 - 40*o - 39. Let s be m(-1). Suppose -6*j + d + s = -4*j, 2*j - 1831 = -3*d. What is the hundreds digit of j?
9
Let d(u) = 1541*u + 1126. What is the units digit of d(6)?
2
Let g(n) = -n**2 - 5*n + 25. Let v be g(-7). Suppose 7*w = -v - 24. What is the units digit of (w/(-10))/(1/26)?
3
Let c(m) = 3*m**3 - 6*m**2 + 6*m - 36. Let w(k) = 3*k**3 - 11*k**2 + 13*k - 71. Let p(i) = -7*c(i) + 4*w(i). What is the thousands digit of p(-6)?
1
Let t(x) = -5*x - 26. Let n = 17 + -17. Let y = n + -6. What is the units digit of t(y)?
4
Let i = 140 - 168. What is the hundreds digit of ((-908)/6)/(i/42)?
2
What is the thousands digit of ((-3)/4 + 2431065/(-468))/(1/(-9))?
6
Let v be 2 - 2*(-2 + 1). Suppose 3*m = -v*m + 2800. What is the tens digit of (24/(-10))/((-12)/m)?
8
Suppose 0 = 41*o - 31837 - 15149. What is the hundreds digit of o?
1
Let l(x) = 2*x - 3. Let s be l(3). Suppose 2*i = 3*i + 2*m, -m = 3*i. Suppose -8*g + 29 + s = i. What is the units digit of g?
4
Suppose -31*k + 800492 = -20*k + 35*k. What is the tens digit of k?
0
Suppose -14*h + 19*h + 75 = 0. What is the units digit of (h + -160)*(-2)/5?
0
Let t(b) = 21*b**2 - 19*b + 50. What is the hundreds digit of t(9)?
5
Let l(d) = -d**3 - 9*d**2 + d + 7. Let q be l(-9). What is the tens digit of 3295/10 - 6 - 1/q?
2
Suppose -m = 4*m + 5, 3*t = 2*m + 47. Suppose -t = b - 6*b. Suppose b*h - 36 = -h. What is the units digit of h?
9
Suppose 2*y - 17 = q + 20, 4*y - 3*q - 79 = 0. Suppose -31 = -5*k - y. Suppose k*h - 465 = -2*j, -5*j + 1191 = -0*j - 2*h. What is the tens digit of j?
3
Let y be -9*(-9)/162*-10. What is the tens digit of y - ((-9)/6 + (-24723)/18)?
7
Let q be 2/4 - (-19)/38. What is the hundreds digit of 6/(24/1372) + q + -5?
3
Suppose 0 = q + 3*a - 14467, 0 = -4*q + 2*a - 12729 + 70555. What is the units digit of q?
8
Let i be (-1 - 1)*-27*(-1)/6. Let u(k) = -14*k - 12. Let w be u(i). Suppose w = 2*h - 0*h. What is the units digit of h?
7
Let l(g) = 68*g**2 - 124*g + 776. What is the units digit of l(6)?
0
Suppose -82 = 5*z + 108. Let i be (-3 + 18/(-3))*z. Suppose 5*f + 3*c = 2*c + i, 3 = -c. What is the tens digit of f?
6
Suppose -3*p + 38 + 24 = -2*b, 0 = -3*p - 4*b + 38. Suppose 21*l - 948 = p*l. What is the tens digit of l?
1
Let s = 186580 + -132366. What is the thousands digit of s?
4
Let f(q) be the third derivative of -79*q**4/24 - 25*q**3/3 - 46*q**2. What is the hundreds digit of f(-4)?
2
Let i(m) = 3*m**2 - 41*m - 378. What is the thousands digit of i(59)?
7
Suppose -2*x + 6 = 2. Suppose -x*f - k + 9 = -52, k = 3*f - 79. What is the tens digit of 266/f*(-4)/(-1)?
3
Suppose 6*m + 392160 = 18*m + 12*m. What is the ten thousands digit of m?
1
Let q = -22 + 14. Let m(k) = 2*k**2 - 12*k + 4. Let g(a) = 3*a**2 - 11*a + 3. Let o(n) = -4*g(n) + 5*m(n). What is the units digit of o(q)?
8
Suppose 0 = 6*s - 5*s - 2*j - 13, j = 3*s - 34. Suppose s*q + 4320 = 17*q. What is the hundreds digit of q?
7
Suppose -10*a = -11*a - 2*t + 8, 4*a - 10 = 3*t. Suppose 0 = -9*i + a*i + 780. What is the hundreds digit of i?
1
Let d(k) = -k**2 + 5*k - 1. Let y be d(4). Suppose 5*h - 3 = 2*n + 2*h, 0 = -4*n + 5*h - y. What is the hundreds digit of (-1*n/9)/((-5)/2115)?
1
Suppose 12*d - 32 = 20*d. Let j be d/(-24) - (-69)/18. Suppose 0 = 5*h - 4*v - 580, -h - h = j*v - 260. What is the units digit of h?
0
Let d(x) = -43*x + 4. Let t be d(0). Suppose -5*w + 8*k + 30 = 3*k, 5*k = -w - 12. Suppose 3*z = t*l + 37, 2*l + 10 = z + w*l. What is the tens digit of z?
1
Suppose -24*g + 28*g - 12 = 0. Suppose -1364 = -3*t - 5*o + 225, 3*o - g = 0. What is the tens digit of t?
2
Let y = 387 - 961. Let g be 1/((-24)/56 + (-260)/y). Suppose 4*h - 62 = -2*q, -19 - g = -2*q - 2*h. What is the units digit of q?
9
Let n = 10593 + -6328. What is the hundreds digit of n?
2
Let z = -597 + 6524. What is the units digit of z?
7
Suppose -5*z + 68 = r, -2*z + 4 = -z - 3*r. Suppose -z*d + 114 = -7*d. Suppose -d*w = -15*w - 52. What is the units digit of w?
3
Suppose -50*j + 18*j + 768 = 0. Suppose -j*k + 16*k + 11944 = 0. What is the units digit of k?
3
Suppose 0 = -2*w + w - 6. Let r be (-5)/((-15)/(-552))*w/4. Let j = -88 + r. What is the tens digit of j?
8
Let o = 27893 - 16262. What is the thousands digit of o?
1
Let t(p) = -p**3 + 4*p**2 - 31*p - 11. Let r be t(-6). Let d = r + -144. What is the tens digit of d?
9
Let l = 43014 + -30016. What is the tens digit of l?
9
Suppose -24*v = -166063 - 50126 - 124107. What is the tens digit of v?
7
Let i(f) = 351*f**2 - 32*f - 91. What is the hundreds digit of i(-4)?
6
Suppose 3 + 38 = -41*q. Let c be -4*(-1*10)/2. What is the tens digit of q/(-5) + (1476/c - 0)?
7
Let g(i) = i**3 + 6*i**2 - 6*i + 4. Let y be g(-6). Let a = 249 - 81. Let t = a - y. What is the units digit of t?
8
Let k = 15511 - 8251. What is the thousands digit of k?
7
Suppose 67*t - 49*t + 10222 = 56*t. What is the units digit of t?
9
What is the hundreds digit of (858/(-4))/(10 + 8420/(-840))?
0
Let x be 212/(-106) - 1*-1*4. Suppose -20*b + 24*b = 48. What is the hundreds digit of (280/(-36)*b)/(x/(-6))?
2
Suppose -2*y - 3*r - 38 = -3*y, -4*y = 5*r - 118. Suppose 28*i + 36 = y*i. Let w(x) = x**2 - 10*x + 14. What is the units digit of w(i)?
5
What is the tens digit of (-43)/172 + (-2)/(-8) - (-5 - 7086)?
9
Suppose -43937 = 25*x - 191737. What is the thousands digit of x?
5
Let y be ((-1 - -3) + 1)*296/12. Let o = -17 - -22. Suppose y = o*m - 846. What is the tens digit of m?
8
Suppose 25*i - 5255 - 2295 = 0. Let d = 825 - i. What is the units digit of d?
3
Let i be (-18)/15*(-1 + -12 + 3). Suppose -q - 28 = -i. What is the units digit of (q/(-8))/(0 - (-1)/116)?
2
Let q(n) = 40*n**2 - 36*n + 55. What is the hundreds digit of q(17)?
0
Let g = -12 - -154. Suppose 0 = g*b - 137*b - 130. What is the tens digit of b?
2
Let g(j) = -5*j**3 - 32*j**2 - 64*j + 59. What is the tens digit of g(-17)?
6
Let m(t) = 427*t**2 + 21*t + 269. What is the tens digit of m(5)?
4
Let q = -6665 + 66202. What is the tens digit of q?
3
Suppose -22*t + 176025 = -14*t + 67*t. What is the thousands digit of t?
2
What is the hundreds digit of (-8)/6*(-143649)/44?
3
Suppose 10*p - p - 5211 = 0. Let b be (-8)/(4/1) + p/3. What is the units digit of 11 + b + 1 + 1?
4
What is the hundreds digit of 6/27 - 51*(-10840)/54?
2
Suppose 0 = -7*r + 71*r - 505536. What is the thousands digit of r?
7
Let d(j) = 8644*j + 494. What is the hundreds digit of d(2)?
7
Let v = -8859 - -13930. What is the thousands digit of v?
5
Let u = 3014 - 692. What is the tens digit of u?
2
Suppose 0 = -b + 8 + 3. Let m(o) = 5 + 3*o + b + 6 - 8*o. What is the tens digit of m(-9)?
6
Suppose -295621 = -1412*n + 1382*n - 51811. What is the hundreds digit of n?
1
Let y(s) = -12*s - 30. Suppose -10 = v + 3*p + p, -2*v - 9 = -3*p. What is the units digit of y(v)?
2
Suppose 0 = -6*g + 4*g - 12*g. Suppose 3*y + g*w - 1354 = 2*w, -5*w = -5. What is the units digit of y?
2
Let n(v) = 0 + 25 - v**2 - 2*v**3 + 49*v - 41*v. What is the tens digit of n(-7)?
0
Let o(u) = 108*u**2 + 115*u - 2415. What is the hundreds digit of o(18)?
6
Let l = -113067 - -163576. What is the units digit of l?
9
Let m = 772 + -361. What is the units digit of m?
1
Suppose -2*p + a = -24, 5*a + 12 = p + 9. Suppose -4*j + 51 = p*j. Let h(w) = 3*w**2 + 11*w - 6. What is the tens digit of h(j)?
5
Suppose -4 = 4*h - 2*h, 0 = 5*n + 2*h - 171. Let m be 130/(-4)*(-14)/n. Suppose -3*v = -m*v + 2610. What is the tens digit of v?
6
Let y(g) = g**3 - 6*g**2 - 8*g + 21. Let j be y(7). Suppose -j*h + 1631 = -1519. What is the hundreds digit of h?
2
Let h(b) = b**3 + 6*b**2 - 6*b + 1. Let c(f) = 3*f - 17. Let z be c(6). Let p be h(z). What is the tens digit of 10/p - -80 - 4?
8
Suppose u + 3*y - 8192 = 0, 0*u - y = -3*u + 24636. What is the hundreds digit of u?
2
Let c = -73 + 224. Let i = 84 + c. What is the units digit of i?
5
Let z(q) = 2*q**2 - 7*q + 12. Let b be z(5). Let x = 19 + b. Let j = x + 32. What is the units digit of j?
8
Let z(j) be the second derivative of -3/2*j**2 + 1/12*j**4 + 0 - 4/3*j**3 - 25*j. What is the tens digit of z(11)?
3
Let c be (2/(-4))/(4/(-24)). Suppose 5*a - 5*p = -0*p + 105, 0 = -3*a - c*p + 57. What is the tens 